e factors of c(q).
2, 43
Let j be (14/5)/2*5. Suppose 0 = -t - 3*t + 4*h + 12, 4*t - 5*h = j. Suppose -292 = -4*n + 3*q, t*n - 4*n + 5*q - 292 = 0. What are the prime factors of n?
73
Suppose 4*w - 46 = 3*w. Suppose 3*p = -2*c - 89, c = 2*p - c + w. What are the prime factors of (-4024)/(-36) - 6/p?
2, 7
Let l(v) = v**3 - 14*v**2 + 16*v + 29. Let i be l(13). Let n = i + -71. Let r(p) = 11*p**2 - 6*p - 2. List the prime factors of r(n).
5, 23
Suppose 0 = -o - 334 + 331, 4*f = o + 46427. What are the prime factors of f?
2, 7, 829
Let v be 33 - 34 - (2 - 1249). Suppose v = -237*r + 239*r. List the prime factors of r.
7, 89
Let p(c) = c + 5. Let v(d) = -d**2 + 6*d. Let m be v(6). Let k be p(m). Suppose 0 = k*q - 7*q + 100. List the prime factors of q.
2, 5
Let l = -87 + 88. What are the prime factors of ((-232*1)/(-1))/l?
2, 29
Let s(g) = -6317*g + 3227. What are the prime factors of s(-6)?
11, 3739
Let x = 31 - 66. Let g = 263 - x. Suppose 7*v - 3 = 4*v, -3*j - 4*v + g = 0. List the prime factors of j.
2, 7
Suppose 566 = 6*w + 758. Suppose b - 21 = 118. Let k = w + b. What are the prime factors of k?
107
Suppose -4*i = -5*o - 1, 24*i - 8 = -4*o + 25*i. What are the prime factors of ((1458/(-4))/(-3))/(o/6)?
3
Suppose -49*v + 991819 + 849284 = 385166. List the prime factors of v.
43, 691
Let b be (-45766)/(-147) - (-2)/(-6). What are the prime factors of (1/1*b)/(-7 + 8)?
311
Let o = 312 + -126. Suppose 182*r + 944 = o*r. What are the prime factors of r?
2, 59
Let x = 527 - 529. What are the prime factors of (-4770)/(-9) - (x - 4)?
2, 67
Suppose -15 = -3*b - 21. List the prime factors of ((-9)/18 - 6*62)*b.
5, 149
Let l(o) = o**3 - o**2 + o. Let q(p) = p**3 - 11*p**2 + 4*p - 13. Let c(m) = -2*l(m) + q(m). List the prime factors of c(-12).
5, 79
Let n(f) be the third derivative of 6*f**2 + 1/3*f**3 + 1/30*f**5 + 0*f - 1/24*f**4 + 0. List the prime factors of n(4).
2, 3, 5
Let p(j) = 282*j**3 - 10*j**2 + 4*j + 3. List the prime factors of p(4).
3, 47, 127
Suppose -12*y + 9 = -111. Suppose y*u + 6*u = 10112. What are the prime factors of u?
2, 79
Let z be (-20)/15 + 147/9. Let m be (z/5 - -1) + -4. Suppose -3*h + 3*d + 714 = m, -3*h + h = 4*d - 494. List the prime factors of h.
241
Suppose 53 + 13 = 6*f. List the prime factors of 6 + 1386/(f - 5).
3, 79
What are the prime factors of 2094618/194 + 2*7?
19, 569
Suppose 17 - 17 = -7*i. Suppose -5*m - 2108 = 3*n - 7860, 2*m - n - 2303 = i. What are the prime factors of m?
1151
Let j be (2/4)/((52/280)/(-13)). Let q = -34 - j. Let x(b) = 27*b + 1. List the prime factors of x(q).
2, 7
Let t be (-14)/(-9) + ((-8)/(-18) - (12 + -12)). Let b = -5 + 18. Suppose 0 = -t*z - z - m + 9, -m = 4*z - b. What are the prime factors of z?
2
Let j(m) = -5*m**3 - 6*m**2 + 8*m - 3. Let q be j(3). Let w(g) = -291*g**3 - 1. Let i be w(-1). Let x = i + q. List the prime factors of x.
2, 61
Let n(c) = 34*c - 97. Let a be n(3). Suppose -2592 = -3*u + 13*f - 10*f, -4*f = -a*u + 4317. List the prime factors of u.
3, 7, 41
Let l(z) be the third derivative of 13*z**5/60 - z**4/6 - z**3/6 + 11*z**2. Let o = 48 + -46. List the prime factors of l(o).
43
Let z(o) = -11 + 60*o + 8 + 2. Let m be z(1). Suppose 2*x - x = p - m, 0 = 5*p - x - 287. What are the prime factors of p?
3, 19
Let c = -1925 + 12665. List the prime factors of c.
2, 3, 5, 179
Suppose 0 = 5*f - 4*f, -2*u = -f - 6. Suppose -6*g = -g - u*j - 2117, 0 = 4*g - 3*j - 1696. What are the prime factors of g?
421
Suppose 5*d - d - 256 = 0. Let f = -60 + d. What are the prime factors of 40 - (7 - (-1 + f))?
2, 3
Let b(y) = 78*y**2 + 7*y - 5. Let s be b(2). Suppose 0 = -5*o + s + 149. What are the prime factors of o?
2, 47
Let z(w) be the first derivative of -49*w**2 - 6*w - 5. Suppose 13*o = -2*o - 15. What are the prime factors of z(o)?
2, 23
Suppose -9*q - 561 + 3 = 0. Let l be -3 + (-16)/(-4) - q. Suppose l = g + 5*s, 0*s - 255 = -5*g + 5*s. List the prime factors of g.
53
Let j(m) = 27*m**3 - m**2 + 4*m + 26. List the prime factors of j(6).
2, 37, 79
Suppose 17087 = -96*z + 103*z. What are the prime factors of z?
2441
Let s = 69 - 64. Suppose 21 = s*y - 14. Suppose -400 = -y*o + 2*o. What are the prime factors of o?
2, 5
Suppose -2*r + 7298 = 4*b, -5*b + 5*r = -2*b - 5480. Suppose 5*p + k - 1271 = b, -p + 2*k = -628. What are the prime factors of p?
2, 5, 31
What are the prime factors of (0 - (-2)/(-7)) + 151943/385*5?
1973
What are the prime factors of (43248/(-30))/(10/(-50))?
2, 17, 53
Suppose 159*x = 5*u + 160*x - 231064, 3*u - 138648 = -3*x. What are the prime factors of u?
2, 3, 3851
Suppose 5679 - 39255 = -13*n + 9844. List the prime factors of n.
2, 5, 167
Let v(d) = -d**3 - 23*d**2 + 27*d + 33. Let w be v(-24). Let j = -1 - w. List the prime factors of j.
2, 19
Suppose 3*k - 2*d + 5232 - 21086 = 0, 20 = 4*d. List the prime factors of k.
2, 661
Let u(a) = 6*a**2 - 3*a + 2. Let m be u(-4). Let o be (m/(-15) - (-1)/3)*4. Let j = o - -150. List the prime factors of j.
2, 61
List the prime factors of (-8)/3*225/50 + 4325.
19, 227
Let g(x) = -x - 1. Let t(u) = -21*u - 6*u + 11*u - 2 - 34*u. Let k(a) = 5*g(a) + t(a). What are the prime factors of k(-2)?
103
Suppose -29*p - 5*p = -18*p - 28080. List the prime factors of p.
3, 5, 13
Let x(j) = 862*j + 18. Let p be x(1). What are the prime factors of -2*(-1 - p/4)?
2, 13, 17
Suppose 2991 = -11*u + 13892. Let a = u + -580. List the prime factors of a.
3, 137
Let q(m) = 242*m + 4250. List the prime factors of q(26).
2, 3, 7, 251
Suppose -32029 = -2*q - 5*n, -17*q - 2*n + 353358 = 81233. What are the prime factors of q?
16007
Let w be 119 - (-2 + 2)*5/(-15). Let a = w - 117. Suppose -5*o - l + 926 = 0, a*o - 560 = -o - 5*l. List the prime factors of o.
5, 37
Let z = 69642 + -36836. What are the prime factors of z?
2, 47, 349
Let w(z) = -49*z**3 - 17*z + 9. What are the prime factors of w(-5)?
3, 691
Let i be ((396/(-16))/3)/(2/(-784)). Suppose -2*x = -6*x - 5*f + 3227, -2*f - i = -4*x. What are the prime factors of x?
2, 101
Let k be -2*(-4)/(-20)*(3 - -2). Let l(t) = 202*t**2 + t - 4. List the prime factors of l(k).
2, 401
Let z(d) = d + 23. Let l be z(-18). Suppose -5*a + x + 8274 = 0, -l*x = -a + 6*a - 8250. Suppose -10*v - 154 = -a. List the prime factors of v.
2, 3, 5
Let a be (746/(-4) + -1)*4/(-6). Let k = -52 + a. Suppose 4*f = 4*t + 316, -k = -f - 4*t - t. List the prime factors of f.
2, 3, 13
Let m(y) = -2*y**2 + 41*y + 21. Let l be m(21). Suppose -3*x - 2*w + 631 = l, 491 = 2*x + w + 72. What are the prime factors of x?
3, 23
Let k(f) = 43*f**2 + f - 25. List the prime factors of k(-12).
5, 1231
Let c(u) = 10*u. Let n(t) = 3*t - 47. Let k be n(15). Let m(o) = -o + 7. Let x be m(k). What are the prime factors of c(x)?
2, 3, 5
Let i(u) be the third derivative of 68*u**4/3 + 4*u**3/3 - 143*u**2. What are the prime factors of i(1)?
2, 3, 23
Let a(f) = f**3 - 8*f**2 - 1. Let z be a(12). Suppose 5*q + 650 = 5*i, 5*i - z - 71 = q. List the prime factors of i.
3, 43
Suppose 2*q - l = 52761, 174*q - 4*l = 173*q + 26384. What are the prime factors of q?
2, 5, 1319
Let n(t) = t**3 + 38*t**2 + 16*t + 24. Let o be n(-32). Suppose -195*a - o = -203*a. What are the prime factors of a?
7, 101
Let s(g) = -5*g + 87. Let p be s(17). Suppose -p*i + 104 = -h, 5*h + 52 = 2*i - i. List the prime factors of i.
2, 13
Suppose 49*o + 281483 = 758252 + 536600. List the prime factors of o.
20681
Let a = -313 + 1348. Suppose -8*i + 373 = -a. List the prime factors of i.
2, 11
Let c(m) = -12*m - 8. Suppose 15 = h - 5*r, -4*r - r = 3*h + 35. Let z be c(h). Suppose z = 2*q - 0*q. What are the prime factors of q?
2, 13
What are the prime factors of (8/(-4) - -3)/((-5)/(-26895))?
3, 11, 163
Let m(x) = 95*x**2 + x + 4. Let s(h) = h**2 - h - 1. Suppose 5 = -b, 3*r = 2*r + 4*b + 22. Let p(o) = r*m(o) + 6*s(o). List the prime factors of p(1).
2, 97
Suppose 3*h = -c + 4 - 15, 3*h = -4*c - 62. Let v(g) = 3*g**2 + 16*g - 19. List the prime factors of v(c).
2, 3
Let l be 4*(-508)/8*2/4. Let f = 127 + l. Suppose -x + 0*x + 9 = f. What are the prime factors of x?
3
Let r = 15 - 8. Suppose 0 = -36*q + 52*q - 528. Let g = q + r. List the prime factors of g.
2, 5
List the prime factors of (-48094*7*(-2)/(-28))/((-2)/2).
139, 173
Suppose 9*v - 15*v = -12. Let g